n factor of l and p.
12
Suppose -54 = -8*m + 2*m. Calculate the greatest common factor of m and 72.
9
Let d = -55 - -30. Suppose 2*o = 3*o + 16. Let v = o - d. Calculate the highest common divisor of 9 and v.
9
Let k = 197 - 186. What is the highest common divisor of 352 and k?
11
Let t = 261 + -125. What is the greatest common divisor of 34 and t?
34
Suppose -2*g - 2*j = -2, 2*g - 10 = 3*j + 12. Suppose -b + g*b = -5*k + 80, -4*k + 1 = -b. Calculate the greatest common divisor of 15 and b.
15
Let r(i) = 2*i + 1. Let o be r(1). Suppose c - 2*v = -6, 0 = -3*c - c - o*v + 31. Suppose 0 = -c*m + 135 + 217. What is the greatest common divisor of m and 8?
8
Let y(r) = r**3 - 4*r**2 - 2*r. Let s be y(6). Calculate the greatest common divisor of s and 15.
15
Let d(b) be the second derivative of -b**5/20 + 5*b**3/6 + 2*b**2 - 4*b. Let c be d(-4). Calculate the greatest common divisor of c and 6.
6
Suppose -p = 22 - 62. Calculate the greatest common divisor of 10 and p.
10
Let g be (-204)/8*12/(-18). Calculate the highest common divisor of g and 187.
17
Let s(b) = -b**3 + 3*b**2 - 4*b + 4. Let w be s(4). Let r be 5/7 - 8/w. Let p(o) = o**2 - 6*o - 7. Let t be p(8). What is the highest common factor of t and r?
1
Suppose 0 = 3*k - 0*t - 2*t - 75, 3*t - 83 = -4*k. Calculate the highest common divisor of k and 161.
23
Suppose -16*d = -3530 - 1462. Calculate the highest common factor of 39 and d.
39
Suppose 0 = -7*c + 7 + 63. Calculate the highest common divisor of c and 40.
10
Let k be (-224)/(-3) + (-2)/(-6). Let d = 190 + -160. What is the greatest common factor of d and k?
15
Let y(k) = 10*k + 1. Let r be y(2). Suppose 0 = -3*i - i + 28. What is the highest common divisor of r and i?
7
Let a = -13 - -29. Calculate the highest common factor of 32 and a.
16
Let z(t) = 97*t**2 - t. Let d be z(1). Let k = 136 - d. What is the greatest common factor of k and 5?
5
Suppose 0 = -x + 2*c + 18, -x + 6 + 3 = c. Let m = -14 + 18. Let u be 112/6*x/m. Calculate the highest common factor of u and 7.
7
Let i(x) = x**3 + 9*x**2 - 2*x - 14. Let y be i(-9). Let a = 4 - 3. Calculate the greatest common factor of a and y.
1
Suppose -4*c - 2 = -6, -4*c = -4*n + 8. Suppose 52 = n*w - 62. What is the highest common divisor of w and 19?
19
Let g be (-2 - (1 + -1)) + 18. Let c = 12 - -132. What is the highest common divisor of g and c?
16
Suppose w = -2*h - w + 22, -4*h - 5*w + 45 = 0. Suppose x = h - 1. Calculate the highest common factor of 81 and x.
9
Suppose -3*n + 0 = 18. Let r = n - -16. Suppose 0*a = -2*a + r. What is the highest common factor of 5 and a?
5
Let p(m) = -4*m - 18. Let c be p(-9). What is the greatest common divisor of c and 162?
18
Let t = 17 - 11. Let z = 42 + -27. What is the greatest common divisor of z and t?
3
Suppose -3*x - 263 = 5*n - 685, -3*x + 472 = -5*n. Let k = x - 80. What is the greatest common divisor of k and 46?
23
Let k(v) = v + 9. Let q be k(0). Suppose -5*a + 12 + 3 = -5*d, 3*d = 4*a - 9. Let g = q + d. What is the highest common factor of g and 12?
6
Let o be (-6)/(-4)*(-32)/(-12). Let h be (-9)/(-3) + o + -1. Calculate the greatest common factor of h and 4.
2
Suppose -12 + 5 = -p. Let g(q) = q + 3. Let w(m) = m + 2. Let j(i) = -2*g(i) + 3*w(i). Let k be j(p). Calculate the highest common divisor of k and 49.
7
Let c = 30 + -9. What is the highest common divisor of c and 21?
21
Suppose 0*a + 28 = 2*a + 3*b, -3*a + 2*b = -55. Let l be 357/2*(-6)/(-9). What is the greatest common divisor of a and l?
17
Let a(k) = -3*k - 13. Let q be a(-6). Calculate the highest common divisor of q and 10.
5
Let t(a) = 8*a + 4. Let i be t(4). Suppose 4*n - 28 = -2*q, -34 - 42 = -4*q - 4*n. What is the highest common factor of i and q?
12
Suppose 0*k - 2*k = -66. Calculate the greatest common divisor of k and 33.
33
Let n = -26 - -18. Let p(u) = -u**2 - 5*u + 4. Let v be p(n). Let s be (12/5)/((-4)/v). What is the highest common divisor of s and 18?
6
Let c(a) = a**2 + 7*a - 8. Let x be c(-10). Suppose 12 = 5*i - f - 13, 4*f + 4 = -4*i. Suppose -3*m + i*m = 2. What is the highest common factor of x and m?
2
Let z = -96 - -99. What is the greatest common divisor of z and 33?
3
Let c(d) = 6*d - 9. Let o be c(6). Suppose a + o - 3 = 0. Let x = 42 + a. Calculate the greatest common factor of 27 and x.
9
Suppose 3*u - u = 6. Suppose -u*x = x + 40. Let v be 9/(-15) - 116/x. What is the highest common divisor of 77 and v?
11
Let j(d) = -d**3 - d + 140. Let q be ((-9)/(-6) + -1)*0. Let r be j(q). Suppose 4*x + r = 620. What is the highest common factor of 15 and x?
15
Suppose 0 = -2*b + 3*l + 91, 4*b - 4*l = 137 + 43. Calculate the highest common divisor of 4 and b.
4
Suppose -k + 3 = 2*x - 41, 76 = 2*k + x. Suppose 0 = -2*t + 6*t - k. Let z be ((-9)/(-2))/((-1)/(-2)). What is the highest common divisor of t and z?
9
Let p(z) = -z**3 - 6*z**2 + 3*z - 16. Let g be p(-7). What is the greatest common divisor of 6 and g?
6
Let j = 3 - 3. Let g(a) = -5*a + 63. Let z(r) = -r - 1. Let s(d) = g(d) - 6*z(d). Let p be s(j). Calculate the highest common factor of p and 23.
23
Let j = 3 - 2. Let f be 7/(8/7 - j). Let n = f + -33. What is the greatest common factor of n and 48?
16
Suppose -5*q + 89 = 24. What is the highest common factor of 26 and q?
13
Let b be 27 - (-2 - 2*-1). Suppose 3*t + 3 + 3 = 0. Let d be (7/t)/7*-18. Calculate the greatest common divisor of b and d.
9
Let v(j) = j**3 + 9*j**2 + 3*j - 31. Let h be v(-8). What is the highest common factor of h and 1?
1
Let l be 5 + (-2)/(-4)*0. Let s(r) = r**2 + r + 1. Let g be s(-1). Let v be (-1)/g*11*-5. What is the greatest common factor of v and l?
5
Suppose 0 = -2*w - 5*q + 40 + 11, 2*w - 5*q = 21. Suppose 0*c - w = -2*c. What is the greatest common factor of 1 and c?
1
Suppose 0 = -v + 3*t - 6*t + 1, -v = -4*t + 6. Let g be -15*(2 - (-6)/v). Let d = -90 - -120. What is the highest common factor of d and g?
15
Let b(v) = -v**2 + 13*v + 9. Let g be b(12). Calculate the highest common factor of g and 147.
21
Let z be (-1 - -2 - 2) + 6. Let x be 9/z - 4/(-20). Calculate the greatest common divisor of 8 and x.
2
Let s = 37 + -16. What is the greatest common factor of 14 and s?
7
Let w(g) = g**3 + 4*g**2 - g - 2. Let m be -10*(12/10)/3. Let f be w(m). Suppose 5*v + 0 - 15 = 0. What is the highest common divisor of v and f?
1
Suppose 2*t + 2*c - 28 = 0, 3*c = 3*t + 7*c - 45. Calculate the highest common factor of 11 and t.
11
Let m = 120 - 80. Calculate the highest common factor of 160 and m.
40
Suppose 5*c - 3 = -18, -83 = -2*j + 5*c. Calculate the greatest common factor of 442 and j.
34
Suppose -4*l = -4*r + 2 + 2, 0 = -2*l + 5*r - 17. Suppose -13 = -4*y + l*b + 11, 0 = 2*y - 5*b - 12. What is the highest common divisor of 42 and y?
6
Let a be ((-32)/20)/(1/(-20)). Calculate the greatest common factor of 48 and a.
16
Let d = 54 - 53. Suppose 5*w - 17 = -7*r + 3*r, -5*r + w = -43. What is the highest common divisor of d and r?
1
Suppose -q - 4 = 2*i - 29, 3*q = i - 30. Let s(b) = -b**3 + 5*b**2 + 2*b + 5. Let t be s(5). Calculate the greatest common factor of i and t.
15
Suppose 3*w + w - 6 = 2*y, -3 = y. Suppose w = 5*f - 4*g + g - 548, -5*f - 5*g + 580 = 0. What is the highest common factor of f and 16?
16
Let y = 8 - 11. Let f be (-2)/6 + (-148)/y. Suppose 4*d + 74 = 3*b, -4*d - 55 = -4*b + f. Calculate the highest common factor of b and 20.
10
Suppose -4*y = -4*m - 8, -4*y + 6 = 3*m + 19. Let s(f) = -3 + 3 - f - 1. Let u be s(m). Calculate the highest common divisor of 5 and u.
1
Let r be ((-2)/17 - 3438/(-612))*2. What is the greatest common factor of 99 and r?
11
Suppose -2*i = -3*j + 416, 0*i - 2*i = 5*j - 704. Calculate the greatest common divisor of j and 20.
20
Let l = -14 + 30. What is the greatest common factor of 16 and l?
16
Suppose 0 = -5*j + 10. Let a be 4/j - (-5 - 2). Calculate the greatest common divisor of 9 and a.
9
Suppose 3*v + 8 = 4*v. Calculate the highest common factor of 40 and v.
8
Suppose -170 = -3*z - 4*m, z - 3*z = 2*m - 110. What is the greatest common factor of 10 and z?
10
Let o be ((-90)/24)/((-2)/16). What is the greatest common factor of 6 and o?
6
Suppose -2*r = 3*r - 25. Let c(l) = 32*l + 2*l + 3*l - 4 + r. Let a be c(2). Calculate the greatest common divisor of 15 and a.
15
